
Suppose -100*h = -84*h - 5280. What is the greatest common divisor of h and 7040?
110
Let w(p) = -3*p - 12. Let d be w(-6). Let m be ((-52)/12 - -3)/(d/(-117)). What is the greatest common divisor of m and 117?
13
Let v(l) = 3*l**2 + 47*l + 227. Let a be v(-31). Calculate the greatest common divisor of a and 57.
57
Suppose 485*u + 5681 = 508*u. Calculate the greatest common divisor of u and 171.
19
Let z be (-7)/(-6)*3*(-168)/(-49). Suppose -z*l + 120 + 252 = 0. Suppose -l*v = -29*v - 54. Calculate the greatest common factor of v and 27.
27
Let x = 397 - 301. Let c be 3636/x + 3/(-48)*-2. What is the highest common factor of c and 152?
38
Let h(v) = -28 + 32*v**2 + v + 28 + 96*v**3 - 34*v**2. Let n be h(1). What is the greatest common divisor of n and 76?
19
Suppose -o = 3*o - 28. Suppose o*s - 19 = 9. Suppose -2*g = -w - 25, 0 = s*g - 0*g + 3*w - 75. What is the highest common divisor of g and 6?
3
Let u = -15 - -43. Suppose 6*d + 3*d - 99 = 0. Suppose u = -d*z + 380. What is the greatest common factor of z and 80?
16
Let p = -34 - -54. Let n be 1/(-2) - (-150)/p. Suppose 41*m - 1049 - 2682 = 0. Calculate the highest common divisor of m and n.
7
Suppose -698 = -182*a + 2942. What is the greatest common factor of a and 685?
5
Suppose -1924 = -35*d + 3870 - 1699. What is the greatest common divisor of 1053 and d?
117
Suppose -5*n = -3*m + 39, 4*m - 2*m = 5*n + 31. Suppose 0 = -m*t + 10*t - 66. Let l = -16 + t. Calculate the highest common divisor of l and 34.
17
Let x(b) = b**2 + 23*b + 34. Let g be x(-20). Let a be 52 + g - (0/2 + 6). What is the greatest common factor of 35 and a?
5
Suppose -4*a + 22955 = -2*s + 22961, -4*a + 45 = s. Suppose 0*o = -4*o + 2324. Calculate the greatest common divisor of o and a.
7
Let u(q) = -q**2 + 60*q + 168. Let t be u(62). What is the greatest common factor of 6556 and t?
44
Let q(u) = 91*u + 2116. Let f be q(10). Calculate the highest common divisor of 1246 and f.
178
Suppose -64 = 6*j + 8. Let v be ((-45)/21)/(j/140). Calculate the greatest common divisor of v and 20.
5
Let z = 24676 + -24621. Calculate the highest common factor of 14080 and z.
55
Let d(t) = 9*t + 200. Let g be d(-15). Suppose 11*z = g + 78. Calculate the highest common factor of z and 2.
1
Suppose -5950 = -77*a - 8*a. Calculate the greatest common divisor of 658 and a.
14
Suppose 3*h - 15 = -2*h. Let j(w) = -8*w - 159. Suppose 88*k - 82*k = -144. Let s be j(k). What is the highest common divisor of h and s?
3
Suppose 3*w = 29*w - 1482. Let z(i) = 90*i - 3. Let k be z(7). Calculate the greatest common factor of w and k.
57
Suppose 0 = 5*o - 27 + 287. Let h = o - -60. Calculate the highest common divisor of h and 8.
8
Let b(t) = 4*t**2 + 53*t + 548. Let i be b(-19). Calculate the highest common divisor of 5 and i.
5
Suppose 11*p = -11 + 308. Suppose 4*r = 3*c - 167, p = c + 5*r - 54. Calculate the highest common divisor of c and 610.
61
Let i(j) = j**2 - 8*j + 6. Let r be i(-6). Let p = r - 71. Calculate the greatest common factor of 152 and p.
19
Suppose 3*v - 10 = v, 2*l - 5*v - 113 = 0. Let a be 94/6 + 23/l. What is the highest common factor of 8 and a?
8
Let c(r) = -2*r**3 - 5*r**2 + r. Let d be c(-4). Let y(g) = -9*g - 170. Let x be y(-25). What is the greatest common divisor of d and x?
11
Let c = -1022 + 1054. What is the highest common factor of c and 44?
4
Suppose -79*c - 3167 = -3*x - 84*c, 0 = -5*x - 3*c + 5273. Calculate the greatest common divisor of 102 and x.
34
Suppose i - 47574 = -8*v + 32871, -3*v + 30153 = 5*i. What is the highest common factor of v and 48?
24
Let m(y) = -y**3 - 7*y**2 + 6*y + 2. Let j be m(-8). Let g(z) = -251*z + 504. Let n be g(2). What is the greatest common divisor of n and j?
2
Suppose -6*k + 4 = 2*w - 2*k, -5*k = w + 13. Let b = 5 + -11. Let y be (b - -2)*(-1 + 2) + 8. What is the highest common factor of y and w?
4
Suppose -31*m - 21 = -38*m. Suppose 3*g = -p - 2, -m*g - 3*p + 7 = 19. Calculate the greatest common divisor of 6 and g.
1
Suppose 261*s + 1650 = 267*s. Let r be 6*36/8 - 2. What is the highest common factor of r and s?
25
Suppose 4*b - 80 = -b + 1070. What is the greatest common divisor of 736 and b?
46
Let g be 5/(-15) + (-6)/9. Let y be 0 + (g - -2) + 8/8. Let s be 4/22 - (-438)/11. What is the highest common divisor of s and y?
2
Let a(b) be the second derivative of -9*b**3/2 - 12*b**2 + b - 17. Let o be a(-6). What is the highest common divisor of 92 and o?
46
Let m(o) = 8*o**2 - 6*o + 11. Let w be m(2). Let k = -28 + w. What is the greatest common divisor of 5 and k?
1
Suppose 15*f - 943 = 2445 + 572. Calculate the greatest common divisor of f and 120.
24
Let z be ((26/(-8))/1)/(4/(-112)). Suppose 5*s + o = 81, -4*o + z = 4*s + 23. What is the greatest common divisor of s and 2?
2
Suppose 70*s - 32*s - 98596 - 18710 = 0. Calculate the highest common factor of 63 and s.
63
Let a(r) = r**2 - 11*r + 24. Let p be a(3). Suppose -55*b + 59*b - 84 = p. Calculate the greatest common factor of 672 and b.
21
Let q = -2117 + 3651. Suppose -11*i + q + 39 = 0. Let u = i + -65. What is the highest common factor of 6 and u?
6
Let q = 2 - 5. Let w be q/(-6) + (-3)/(-6) - -831. Suppose -2*o = -10*o + w. What is the greatest common divisor of o and 13?
13
Let d be -2 - -1*(1 + 3). Suppose 0 = -16*s + 17*s - 2. Suppose -b + s = -8. Calculate the greatest common divisor of b and d.
2
Suppose 10*o = 6*d + 7*o - 1911, -2*o + 640 = 2*d. Calculate the greatest common divisor of d and 22.
11
Suppose -468 = 35*h - 37*h. Let t = h + -146. Calculate the greatest common factor of 8 and t.
8
Suppose -5*b = -5 - 10. Suppose b*w - 32 - 10 = 0. Let m be 450/70 - (0 + 6/w). Calculate the highest common factor of m and 18.
6
Let u be ((-502)/(-6) - 0/2) + 15/45. What is the greatest common factor of u and 16926?
42
Let x(z) = 91*z**3 - 8*z**2 + 101*z - 246. Let i be x(3). Calculate the greatest common factor of i and 242.
22
Let m(x) = 557*x + 59. Let g be m(6). Calculate the highest common divisor of 19 and g.
19
Suppose t = -2*g - 0*t - 61, -2*t - 2 = 0. Let y be 30/((-9)/(-15) - 27/g). What is the greatest common divisor of y and 140?
20
Let j = -647318 - -647474. Let o = 358 + 6. Calculate the greatest common divisor of j and o.
52
Suppose 2228 = -r + 2*d - 5*d, -d - 4446 = 2*r. Let a be 3/(-2)*r/303. Calculate the greatest common divisor of 121 and a.
11
Let w(t) = -t**2 + 21*t + 22. Let c be w(21). Suppose -16*r - 132 = -c*r. Let b = 24 + -2. Calculate the highest common divisor of b and r.
22
Let u(c) = -c**3 + 7*c**2 - 6*c + 3. Suppose 6*n = 2*n - 24. Let t be u(n). What is the highest common factor of t and 39?
39
Suppose -148 = -4*n - 21*m + 24*m, -16 = 4*m. Calculate the highest common factor of n and 2482.
34
Let a(k) = 34*k**2 + 41*k - 328. Let y be a(8). Calculate the greatest common divisor of 128 and y.
128
Let y(c) = -c**3 - 21*c**2 - 22*c + 2. Let j be y(-20). Suppose -j*x = -46*x + 132. What is the greatest common factor of 330 and x?
33
Let x(f) = -2*f - 11. Let h be x(-7). Let s(w) = -16*w**3 - 2*w**2 + 5*w - 7. Let v be s(h). Let m = 651 + v. Calculate the greatest common divisor of 19 and m.
19
Let x be (-393)/(-12) + 15/(-20). Suppose f + x - 48 = 0. Suppose -o + 5*z = -4*o + 26, 2*o + 2*z = f. What is the highest common factor of o and 63?
7
Let v be (1 - 3 - -2)/((-4)/(-2)). Let r be ((-6 - -4)/(-2) - v)*2. Let d be ((-1)/r + 2076/72)*3. What is the greatest common factor of 34 and d?
17
Let a(d) = 11*d + 44. Let t be a(-6). Let x(r) = -r**2 - 25*r - 35. Let f be x(t). Calculate the greatest common factor of 93 and f.
31
Let x = -11 + 12. Let v be ((-4)/(-10))/(x/30). Let y be (-1)/(v/8)*-36. Calculate the highest common factor of 60 and y.
12
Let u(k) = -k - 3. Let y be u(-4). Suppose 127*c - 2123 + 726 = 0. What is the highest common factor of c and y?
1
Suppose 40*l - i - 1059 = 36*l, 4*l = 3*i + 1049. What is the greatest common divisor of 1134 and l?
14
Suppose -4*c + 8 = 0, 5*r = -2*c - 0*c + 404. Let p = -45 - -61. Calculate the highest common factor of r and p.
16
Let a be 2 + 8/(-6)*2442/(-44). Suppose -17 - a = -5*l + 2*t, -3*l + 59 = -2*t. What is the highest common divisor of l and 391?
17
Let p(r) = -r**3 + 4*r**2 - 5*r + 1. Let m be p(3). Let l be 3*((-52)/(-12) - m). S